{"id":1873,"date":"2016-12-26T14:00:56","date_gmt":"2016-12-26T14:00:56","guid":{"rendered":"http:\/\/hogardecoracion.co\/inicio\/?page_id=1873"},"modified":"2017-01-12T21:10:38","modified_gmt":"2017-01-12T21:10:38","slug":"tips","status":"publish","type":"page","link":"https:\/\/hogardecoracion.co\/inicio\/tips\/","title":{"rendered":"Tips para nuestros clientes"},"content":{"rendered":"<p>[vc_row][vc_column width=\u00bb1\/2&#8243;][vc_single_image image=\u00bb1904&#8243; img_size=\u00bb800&#215;700&#8243; style=\u00bbvc_box_border\u00bb css_animation=\u00bbleft-to-right\u00bb][\/vc_column][vc_column width=\u00bb1\/2&#8243;][vc_custom_heading text=\u00bbTu casa es tu templo y por esa raz\u00f3n debes mantener limpios todos los rincones de tu hogar,\u00bb font_container=\u00bbtag:h3|text_align:left|color:%2352656b\u00bb google_fonts=\u00bbfont_family:Montserrat%3Aregular%2C700|font_style:400%20regular%3A400%3Anormal\u00bb subtitle_color=\u00bb#52656b\u00bb][vc_column_text]Mucho m\u00e1s ahora que comienza la Navidad y se supone que hay fiestas especiales y recibes gente en tu casa.\u00a0\u00a0 Lo primero es tener todo en perfecto orden. Luego, desecha las cosas maltratadas, rotas o manchadas, ya que atraen tristezas, soledad y escasez; en cambio los\u00a0 objetos limpios y ordenados atraen riqueza. Llena los espacios con cuadros de flores, paisajes, vida natural,\u00a0 parejas felices, im\u00e1genes que deben generar en ti y en los tuyos emociones pr\u00f3speras.[\/vc_column_text][vc_row_inner][vc_column_inner width=\u00bb1\/3&#8243;][vc_facebook][\/vc_column_inner][vc_column_inner width=\u00bb1\/3&#8243;][\/vc_column_inner][vc_column_inner width=\u00bb1\/3&#8243;][vc_tweetmeme type=\u00bbnone\u00bb][\/vc_column_inner][\/vc_row_inner][\/vc_column][\/vc_row][vc_row][vc_column][vc_empty_space][\/vc_column][\/vc_row][vc_row][vc_column width=\u00bb1\/2&#8243;][vc_single_image image=\u00bb1916&#8243; img_size=\u00bb800&#215;700&#8243; style=\u00bbvc_box_border\u00bb css_animation=\u00bbleft-to-right\u00bb][\/vc_column][vc_column width=\u00bb1\/2&#8243;][vc_custom_heading text=\u00bbEl elemento clave a la hora de un buen descanso es, sin duda alguna, el colch\u00f3n. \u00bb font_container=\u00bbtag:h3|text_align:left|color:%2352656b\u00bb google_fonts=\u00bbfont_family:Montserrat%3Aregular%2C700|font_style:400%20regular%3A400%3Anormal\u00bb subtitle_color=\u00bb#52656b\u00bb][vc_column_text]De su comodidad y estabilidad depende en gran parte que el sue\u00f1o sea verdaderamente reparador.<\/p>\n<p>As\u00ed que es tan importante saber cu\u00e1l es el mejor para nosotros y cu\u00e1les son los <strong>cuidados de los colchones<\/strong> para hacer que su vida \u00fatil sea m\u00e1s larga, en hogar y decoraci\u00f3n encuentras el colch\u00f3n adecuado para ti.[\/vc_column_text][vc_row_inner][vc_column_inner width=\u00bb1\/3&#8243;][vc_facebook][\/vc_column_inner][vc_column_inner width=\u00bb1\/3&#8243;][\/vc_column_inner][vc_column_inner width=\u00bb1\/3&#8243;][vc_tweetmeme type=\u00bbnone\u00bb][\/vc_column_inner][\/vc_row_inner][\/vc_column][\/vc_row][vc_row][vc_column][vc_empty_space][\/vc_column][\/vc_row][vc_row][vc_column width=\u00bb1\/2&#8243;][vc_single_image image=\u00bb1794&#8243; img_size=\u00bb800&#215;700&#8243; style=\u00bbvc_box_border\u00bb css_animation=\u00bbleft-to-right\u00bb][\/vc_column][vc_column width=\u00bb1\/2&#8243;][vc_custom_heading text=\u00bb\u00bf Cada cuanto se debe cambiar de almohada ?\u00bb font_container=\u00bbtag:h3|text_align:left|color:%2352656b\u00bb google_fonts=\u00bbfont_family:Montserrat%3Aregular%2C700|font_style:400%20regular%3A400%3Anormal\u00bb subtitle_color=\u00bb#52656b\u00bb][vc_column_text]Estudios han demostrado que despu\u00e9s de un uso aproximado de 2 a\u00f1os, mas de un tercio del peso de las almohadas esta originado en \u00e1caros, sus desechos, piel muerta y bacterias, en hogar y decoraci\u00f3n encuentras almohadas dise\u00f1adas a la medida[\/vc_column_text][vc_row_inner][vc_column_inner width=\u00bb1\/3&#8243;][vc_facebook][\/vc_column_inner][vc_column_inner width=\u00bb1\/3&#8243;][\/vc_column_inner][vc_column_inner width=\u00bb1\/3&#8243;][vc_tweetmeme type=\u00bbnone\u00bb][\/vc_column_inner][\/vc_row_inner][\/vc_column][\/vc_row][vc_row][vc_column width=\u00bb1\/2&#8243;][vc_single_image image=\u00bb1966&#8243; img_size=\u00bb800&#215;700&#8243; style=\u00bbvc_box_border\u00bb css_animation=\u00bbleft-to-right\u00bb][\/vc_column][vc_column width=\u00bb1\/2&#8243;][vc_custom_heading text=\u00bbConsejos para elegir un buen colch\u00f3n\u00bb font_container=\u00bbtag:h3|text_align:left|color:%2352656b\u00bb google_fonts=\u00bbfont_family:Montserrat%3Aregular%2C700|font_style:400%20regular%3A400%3Anormal\u00bb subtitle_color=\u00bb#52656b\u00bb][vc_column_text]Un colch\u00f3n adecuado para un buen descanso debe ser firme en algunas zonas, pero algo m\u00e1s suave en otras. Adem\u00e1s, debe mantener la curva natural de tu cuerpo, y dar soporte a todas las partes y puntos de tu anatom\u00eda.<br \/>\n\u2022 \u00bfSueles dormir solo o acompa\u00f1ado? Si duermes acompa\u00f1ado, tienes varias opciones, por ejemplo, un colch\u00f3n de l\u00e1tex o uno de resortes encapsulado ayudan a mantener la independencia de movimientos de las dos personas que comparten cama. No obstante, si la diferencia de pesos es muy grande, quiz\u00e1 lo mejor sea dormir con dos colchones unidos, cada uno adaptado a las condiciones del usuario.<br \/>\n\u2022 \u00bfC\u00f3mo elegir un colch\u00f3n en funci\u00f3n de nuestro peso? Si pesas bastante, lo ideal son colchones firmes, que te proporcionen una buena sujeci\u00f3n.<br \/>\nEn el caso contrario, si eres una persona ligera necesitas un colch\u00f3n de mayor flexibilidad, los cuales se adaptan f\u00e1cilmente a tu forma y reparten mejor el peso.[\/vc_column_text][vc_row_inner][vc_column_inner width=\u00bb1\/3&#8243;][vc_facebook][\/vc_column_inner][vc_column_inner width=\u00bb1\/3&#8243;][\/vc_column_inner][vc_column_inner width=\u00bb1\/3&#8243;][vc_tweetmeme type=\u00bbnone\u00bb][\/vc_column_inner][\/vc_row_inner][\/vc_column][\/vc_row]<\/p>\n","protected":false},"excerpt":{"rendered":"<p>[vc_row][vc_column width=\u00bb1\/2&#8243;][vc_single_image image=\u00bb1904&#8243; img_size=\u00bb800&#215;700&#8243; style=\u00bbvc_box_border\u00bb css_animation=\u00bbleft-to-right\u00bb][\/vc_column][vc_column width=\u00bb1\/2&#8243;][vc_custom_heading text=\u00bbTu casa es tu templo y por esa raz\u00f3n debes mantener limpios todos los rincones de tu hogar,\u00bb font_container=\u00bbtag:h3|text_align:left|color:%2352656b\u00bb google_fonts=\u00bbfont_family:Montserrat%3Aregular%2C700|font_style:400%20regular%3A400%3Anormal\u00bb subtitle_color=\u00bb#52656b\u00bb][vc_column_text]Mucho m\u00e1s ahora que comienza la Navidad y se supone que hay fiestas especiales y recibes gente en tu casa.\u00a0\u00a0 Lo primero es tener todo en perfecto orden.<\/p>\n","protected":false},"author":1,"featured_media":0,"parent":0,"menu_order":0,"comment_status":"closed","ping_status":"closed","template":"","meta":{"footnotes":""},"class_list":["post-1873","page","type-page","status-publish","hentry"],"yoast_head":"<!-- This site is optimized with the Yoast SEO plugin v26.3 - https:\/\/yoast.com\/wordpress\/plugins\/seo\/ -->\n<title>Tips para nuestros clientes - hogar y decoraci\u00f3n<\/title>\n<meta name=\"robots\" content=\"index, follow, max-snippet:-1, max-image-preview:large, max-video-preview:-1\" \/>\n<link rel=\"canonical\" href=\"https:\/\/hogardecoracion.co\/inicio\/tips\/\" \/>\n<meta property=\"og:locale\" content=\"es_ES\" \/>\n<meta property=\"og:type\" content=\"article\" \/>\n<meta property=\"og:title\" content=\"Tips para nuestros clientes - hogar y decoraci\u00f3n\" \/>\n<meta property=\"og:description\" content=\"[vc_row][vc_column width=\u00bb1\/2&#8243;][vc_single_image image=\u00bb1904&#8243; img_size=\u00bb800&#215;700&#8243; style=\u00bbvc_box_border\u00bb css_animation=\u00bbleft-to-right\u00bb][\/vc_column][vc_column width=\u00bb1\/2&#8243;][vc_custom_heading text=\u00bbTu casa es tu templo y por esa raz\u00f3n debes mantener limpios todos los rincones de tu hogar,\u00bb font_container=\u00bbtag:h3|text_align:left|color:%2352656b\u00bb google_fonts=\u00bbfont_family:Montserrat%3Aregular%2C700|font_style:400%20regular%3A400%3Anormal\u00bb subtitle_color=\u00bb#52656b\u00bb][vc_column_text]Mucho m\u00e1s ahora que comienza la Navidad y se supone que hay fiestas especiales y recibes gente en tu casa.\u00a0\u00a0 Lo primero es tener todo en perfecto orden.\" \/>\n<meta property=\"og:url\" content=\"https:\/\/hogardecoracion.co\/inicio\/tips\/\" \/>\n<meta property=\"og:site_name\" content=\"hogar y decoraci\u00f3n\" \/>\n<meta property=\"article:modified_time\" content=\"2017-01-12T21:10:38+00:00\" \/>\n<meta name=\"twitter:card\" content=\"summary_large_image\" \/>\n<meta name=\"twitter:label1\" content=\"Tiempo de lectura\" \/>\n\t<meta name=\"twitter:data1\" content=\"4 minutos\" \/>\n<script type=\"application\/ld+json\" class=\"yoast-schema-graph\">{\"@context\":\"https:\/\/schema.org\",\"@graph\":[{\"@type\":\"WebPage\",\"@id\":\"https:\/\/hogardecoracion.co\/inicio\/tips\/\",\"url\":\"https:\/\/hogardecoracion.co\/inicio\/tips\/\",\"name\":\"Tips para nuestros clientes - hogar y decoraci\u00f3n\",\"isPartOf\":{\"@id\":\"https:\/\/hogardecoracion.co\/inicio\/#website\"},\"datePublished\":\"2016-12-26T14:00:56+00:00\",\"dateModified\":\"2017-01-12T21:10:38+00:00\",\"breadcrumb\":{\"@id\":\"https:\/\/hogardecoracion.co\/inicio\/tips\/#breadcrumb\"},\"inLanguage\":\"es\",\"potentialAction\":[{\"@type\":\"ReadAction\",\"target\":[\"https:\/\/hogardecoracion.co\/inicio\/tips\/\"]}]},{\"@type\":\"BreadcrumbList\",\"@id\":\"https:\/\/hogardecoracion.co\/inicio\/tips\/#breadcrumb\",\"itemListElement\":[{\"@type\":\"ListItem\",\"position\":1,\"name\":\"Portada\",\"item\":\"https:\/\/hogardecoracion.co\/inicio\/\"},{\"@type\":\"ListItem\",\"position\":2,\"name\":\"Tips para nuestros clientes\"}]},{\"@type\":\"WebSite\",\"@id\":\"https:\/\/hogardecoracion.co\/inicio\/#website\",\"url\":\"https:\/\/hogardecoracion.co\/inicio\/\",\"name\":\"hogar y decoraci\u00f3n\",\"description\":\"Hogar y decoraci\u00f3n una empresa con total voluntad de satisfacer las necesidades de las personas o instituciones interesadas en la compra de productos relacionados con est\u00e9tica e innovaci\u00f3n mobiliaria.\",\"potentialAction\":[{\"@type\":\"SearchAction\",\"target\":{\"@type\":\"EntryPoint\",\"urlTemplate\":\"https:\/\/hogardecoracion.co\/inicio\/?s={search_term_string}\"},\"query-input\":{\"@type\":\"PropertyValueSpecification\",\"valueRequired\":true,\"valueName\":\"search_term_string\"}}],\"inLanguage\":\"es\"}]}<\/script>\n<!-- \/ Yoast SEO plugin. -->","yoast_head_json":{"title":"Tips para nuestros clientes - hogar y decoraci\u00f3n","robots":{"index":"index","follow":"follow","max-snippet":"max-snippet:-1","max-image-preview":"max-image-preview:large","max-video-preview":"max-video-preview:-1"},"canonical":"https:\/\/hogardecoracion.co\/inicio\/tips\/","og_locale":"es_ES","og_type":"article","og_title":"Tips para nuestros clientes - hogar y decoraci\u00f3n","og_description":"[vc_row][vc_column width=\u00bb1\/2&#8243;][vc_single_image image=\u00bb1904&#8243; img_size=\u00bb800&#215;700&#8243; style=\u00bbvc_box_border\u00bb css_animation=\u00bbleft-to-right\u00bb][\/vc_column][vc_column width=\u00bb1\/2&#8243;][vc_custom_heading text=\u00bbTu casa es tu templo y por esa raz\u00f3n debes mantener limpios todos los rincones de tu hogar,\u00bb font_container=\u00bbtag:h3|text_align:left|color:%2352656b\u00bb google_fonts=\u00bbfont_family:Montserrat%3Aregular%2C700|font_style:400%20regular%3A400%3Anormal\u00bb subtitle_color=\u00bb#52656b\u00bb][vc_column_text]Mucho m\u00e1s ahora que comienza la Navidad y se supone que hay fiestas especiales y recibes gente en tu casa.\u00a0\u00a0 Lo primero es tener todo en perfecto orden.","og_url":"https:\/\/hogardecoracion.co\/inicio\/tips\/","og_site_name":"hogar y decoraci\u00f3n","article_modified_time":"2017-01-12T21:10:38+00:00","twitter_card":"summary_large_image","twitter_misc":{"Tiempo de lectura":"4 minutos"},"schema":{"@context":"https:\/\/schema.org","@graph":[{"@type":"WebPage","@id":"https:\/\/hogardecoracion.co\/inicio\/tips\/","url":"https:\/\/hogardecoracion.co\/inicio\/tips\/","name":"Tips para nuestros clientes - hogar y decoraci\u00f3n","isPartOf":{"@id":"https:\/\/hogardecoracion.co\/inicio\/#website"},"datePublished":"2016-12-26T14:00:56+00:00","dateModified":"2017-01-12T21:10:38+00:00","breadcrumb":{"@id":"https:\/\/hogardecoracion.co\/inicio\/tips\/#breadcrumb"},"inLanguage":"es","potentialAction":[{"@type":"ReadAction","target":["https:\/\/hogardecoracion.co\/inicio\/tips\/"]}]},{"@type":"BreadcrumbList","@id":"https:\/\/hogardecoracion.co\/inicio\/tips\/#breadcrumb","itemListElement":[{"@type":"ListItem","position":1,"name":"Portada","item":"https:\/\/hogardecoracion.co\/inicio\/"},{"@type":"ListItem","position":2,"name":"Tips para nuestros clientes"}]},{"@type":"WebSite","@id":"https:\/\/hogardecoracion.co\/inicio\/#website","url":"https:\/\/hogardecoracion.co\/inicio\/","name":"hogar y decoraci\u00f3n","description":"Hogar y decoraci\u00f3n una empresa con total voluntad de satisfacer las necesidades de las personas o instituciones interesadas en la compra de productos relacionados con est\u00e9tica e innovaci\u00f3n mobiliaria.","potentialAction":[{"@type":"SearchAction","target":{"@type":"EntryPoint","urlTemplate":"https:\/\/hogardecoracion.co\/inicio\/?s={search_term_string}"},"query-input":{"@type":"PropertyValueSpecification","valueRequired":true,"valueName":"search_term_string"}}],"inLanguage":"es"}]}},"_links":{"self":[{"href":"https:\/\/hogardecoracion.co\/inicio\/wp-json\/wp\/v2\/pages\/1873","targetHints":{"allow":["GET"]}}],"collection":[{"href":"https:\/\/hogardecoracion.co\/inicio\/wp-json\/wp\/v2\/pages"}],"about":[{"href":"https:\/\/hogardecoracion.co\/inicio\/wp-json\/wp\/v2\/types\/page"}],"author":[{"embeddable":true,"href":"https:\/\/hogardecoracion.co\/inicio\/wp-json\/wp\/v2\/users\/1"}],"replies":[{"embeddable":true,"href":"https:\/\/hogardecoracion.co\/inicio\/wp-json\/wp\/v2\/comments?post=1873"}],"version-history":[{"count":26,"href":"https:\/\/hogardecoracion.co\/inicio\/wp-json\/wp\/v2\/pages\/1873\/revisions"}],"predecessor-version":[{"id":2075,"href":"https:\/\/hogardecoracion.co\/inicio\/wp-json\/wp\/v2\/pages\/1873\/revisions\/2075"}],"wp:attachment":[{"href":"https:\/\/hogardecoracion.co\/inicio\/wp-json\/wp\/v2\/media?parent=1873"}],"curies":[{"name":"wp","href":"https:\/\/api.w.org\/{rel}","templated":true}]}}